{"id":193,"date":"2024-05-16T10:21:41","date_gmt":"2024-05-16T08:21:41","guid":{"rendered":"https:\/\/www.velosophie-chambery.com\/?page_id=193"},"modified":"2026-04-14T18:26:29","modified_gmt":"2026-04-14T16:26:29","slug":"home-2","status":"publish","type":"page","link":"https:\/\/www.velosophie-chambery.com\/","title":{"rendered":"Accueil"},"content":{"rendered":"<p><\/p>\n<!--themify_builder_content-->\n<div id=\"themify_builder_content-193\" data-postid=\"193\" class=\"themify_builder_content themify_builder_content-193 themify_builder tf_clear\">\n    \t\t\t\t<!-- module_row -->\n\t\t<div  data-css_id=\"6804f1f\" data-lazy=\"1\" class=\"module_row themify_builder_row fullheight fullwidth tb_6804f1f tb_first tf_w tf_clearfix\">\n\t\t\t\t\t<div class=\"row_inner col_align_middle tb_col_count_1 tf_box tf_rel\">\n\t\t\t\t\t<div  data-lazy=\"1\" class=\"module_column tb-column col-full tb_229b3ce first\">\n\t\t\t\t\t\t\t\t\t<div class=\"tb-column-inner tf_box tf_w\">\n\t\t\t\t<!-- module menu -->\n<div  class=\"module module-menu tb_f1r1890  mobile-menu-slide\" data-menu-style=\"mobile-menu-slide\" data-menu-breakpoint=\"0\" data-element-id=\"tb_f1r1890\" data-lazy=\"1\">\n    \t\n\t<div class=\"module-menu-container\"><ul class=\"ui tf_clearfix nav tf_rel fullwidth black \"><li class=\"page_item page-item-193\"><a href=\"https:\/\/www.velosophie-chambery.com\/\">Accueil<\/a><\/li>\n<li class=\"page_item page-item-326\"><a href=\"https:\/\/www.velosophie-chambery.com\/index.php\/accueil-test\/\">Contacts<\/a><\/li>\n<li class=\"page_item page-item-373\"><a href=\"https:\/\/www.velosophie-chambery.com\/index.php\/nos-occasions\/\">Nos occasions<\/a><\/li>\n<li class=\"page_item page-item-330\"><a href=\"https:\/\/www.velosophie-chambery.com\/index.php\/accueil-entrainement\/\">Nos services<\/a><\/li>\n<\/ul><\/div>\t\t<style>\n\t\t\t.mobile-menu-module[data-module=\"tb_f1r1890\"]{\n\t\t\t\tright:-300px\t\t\t}\n\t\t<\/style>\n\t<\/div>\n<!-- \/module menu -->\n<!-- module text -->\n<div  class=\"module module-text tb_265fb72  repeat \" data-lazy=\"1\">\n        <div  class=\"tb_text_wrap\">\n    <h1><span style=\"font-weight: bold;\">V\u00e9losophie<\/span><\/h1>    <\/div>\n<\/div>\n<!-- \/module text --><!-- module text -->\n<div  class=\"module module-text tb_d50c126  repeat \" data-lazy=\"1\">\n        <div  class=\"tb_text_wrap\">\n    <h4><span style=\"font-weight: bold;\">Votre magasin de v\u00e9los Specialized \u00e0 Chamb\u00e9ry<\/span><\/h4>    <\/div>\n<\/div>\n<!-- \/module text --><!-- module text -->\n<div  class=\"module module-text tb_udca683  repeat \" data-lazy=\"1\">\n        <div  class=\"tb_text_wrap\">\n    <p>455 Avenue de Chamb\u00e9ry<br \/>73230 Saint-Alban-Leysse<\/p>\n<p>0458620175<\/p>\n<p>velosophiechambery@gmail.com<\/p>    <\/div>\n<\/div>\n<!-- \/module text -->\t\t\t\t<\/div><!-- .tb-column-inner -->\n\t\t\t\t\t\t<\/div><!-- .module_column -->\n\t\t\t\t\t\t<\/div><!-- .row_inner -->\n\t\t<\/div><!-- .module_row -->\n\t\t\t\t\t\t\t\t<!-- module_row -->\n\t\t<div  data-css_id=\"ljmc547\" data-lazy=\"1\" class=\"module_row themify_builder_row fullwidth tb_ljmc547 tf_w tf_clearfix\">\n\t\t\t\t\t<div class=\"row_inner col_align_middle tb_col_count_1 tf_box tf_rel\">\n\t\t\t\t\t<div  data-lazy=\"1\" class=\"module_column tb-column col-full tb_k05z547 first\">\n\t\t\t\t\t\t\t\t\t<div class=\"tb-column-inner tf_box tf_w\">\n\t\t\t\t<!-- module video -->\n<div  class=\"module module-video tb_9gwn928 video-top  \" data-lazy=\"1\">\n    \t\t\t\t<div class=\"video-wrap-outer\">\n\t\t\t<div class=\"video-wrap tf_rel tf_overflow\">\n\t\t\t\t<noscript><iframe data-no-script src=\"https:\/\/www.youtube.com\/embed\/9evL9UDMsAE?pip=1&playsinline=1&autohide=1&border=0&wmode=opaque\" allow=\"accelerometer;encrypted-media;gyroscope;picture-in-picture;fullscreen\" class=\"tf_abs tf_w tf_h\"><\/iframe><\/noscript>\t\t\t<\/div>\n\t\t\t<!-- \/video-wrap -->\n\t\t<\/div>\n\t\t<!-- \/video-wrap-outer -->\n\t\t\t<\/div>\n\t\t\t\t<\/div><!-- .tb-column-inner -->\n\t\t\t\t\t\t<\/div><!-- .module_column -->\n\t\t\t\t\t\t<\/div><!-- .row_inner -->\n\t\t<\/div><!-- .module_row -->\n\t\t\t\t<\/div>\n<!--\/themify_builder_content-->\n\n\n<p><\/p>","protected":false},"excerpt":{"rendered":"","protected":false},"author":2,"featured_media":0,"parent":0,"menu_order":0,"comment_status":"closed","ping_status":"closed","template":"","meta":{"footnotes":""},"class_list":["post-193","page","type-page","status-publish","hentry","has-post-title","has-post-date","has-post-category","has-post-tag","has-post-comment","has-post-author",""],"builder_content":"<ul><li><a href=\"https:\/\/www.velosophie-chambery.com\/\">Accueil<\/a><\/li> <li><a href=\"https:\/\/www.velosophie-chambery.com\/index.php\/accueil-test\/\">Contacts<\/a><\/li> <li><a href=\"https:\/\/www.velosophie-chambery.com\/index.php\/nos-occasions\/\">Nos occasions<\/a><\/li> <li><a href=\"https:\/\/www.velosophie-chambery.com\/index.php\/accueil-entrainement\/\">Nos services<\/a><\/li> <\/ul>\n<h1>V\u00e9losophie<\/h1>\n<h4>Votre magasin de v\u00e9los Specialized \u00e0 Chamb\u00e9ry<\/h4>\n<p>455 Avenue de Chamb\u00e9ry<br \/>73230 Saint-Alban-Leysse<\/p> <p>0458620175<\/p> <p>velosophiechambery@gmail.com<\/p>\n[embed]https:\/\/www.youtube.com\/watch?v=9evL9UDMsAE[\/embed]","_links":{"self":[{"href":"https:\/\/www.velosophie-chambery.com\/index.php\/wp-json\/wp\/v2\/pages\/193","targetHints":{"allow":["GET"]}}],"collection":[{"href":"https:\/\/www.velosophie-chambery.com\/index.php\/wp-json\/wp\/v2\/pages"}],"about":[{"href":"https:\/\/www.velosophie-chambery.com\/index.php\/wp-json\/wp\/v2\/types\/page"}],"author":[{"embeddable":true,"href":"https:\/\/www.velosophie-chambery.com\/index.php\/wp-json\/wp\/v2\/users\/2"}],"replies":[{"embeddable":true,"href":"https:\/\/www.velosophie-chambery.com\/index.php\/wp-json\/wp\/v2\/comments?post=193"}],"version-history":[{"count":69,"href":"https:\/\/www.velosophie-chambery.com\/index.php\/wp-json\/wp\/v2\/pages\/193\/revisions"}],"predecessor-version":[{"id":429,"href":"https:\/\/www.velosophie-chambery.com\/index.php\/wp-json\/wp\/v2\/pages\/193\/revisions\/429"}],"wp:attachment":[{"href":"https:\/\/www.velosophie-chambery.com\/index.php\/wp-json\/wp\/v2\/media?parent=193"}],"curies":[{"name":"wp","href":"https:\/\/api.w.org\/{rel}","templated":true}]}}